{"id":538,"date":"2019-02-11T10:29:45","date_gmt":"2019-02-11T09:29:45","guid":{"rendered":"https:\/\/witschard.net\/?page_id=538"},"modified":"2024-03-21T16:53:47","modified_gmt":"2024-03-21T15:53:47","slug":"impressum","status":"publish","type":"page","link":"https:\/\/witschard.net\/?page_id=538","title":{"rendered":"Impressum"},"content":{"rendered":"\n<p><strong>Verantwortlich f\u00fcr den Inhalt der Seiten<\/strong><\/p>\n\n\n\n<p>Witschard Consulting GmbH<br>Christian Witschard<br>Sennenrainstrasse 2<br>CH-8712 St\u00e4fa<br>Schweiz<br><\/p>\n\n\n\n<p><a href=\"mailto:peter.muster@musterfirma.com\">info@witschard.net<\/a><\/p>\n\n\n\n<p>Telefon:&nbsp;044 796 41 62<\/p>\n\n\n\n<p>MWST-Nr.&nbsp;CHE-113.877.533<br>Handelsreg. Nr.&nbsp;CH-020.4.036.444 -4<\/p>\n\n\n\n<p><strong>Bilder<\/strong><\/p>\n\n\n\n<p>Bilder wurden erstellt von Sophie Witschard &#8211; Besten Dank.<\/p>\n\n\n\n<p><strong>Design<\/strong><\/p>\n\n\n\n<p>Das Design dieser Webseite wurde von Claudia Lutz <a href=\"https:\/\/www.claudialutz.ch\/\">https:\/\/www.claudialutz.ch\/<\/a> erstellt.<\/p>\n\n\n\n<p><strong>Copyright<\/strong><\/p>\n\n\n\n<p>Das Copyright f\u00fcr s\u00e4mtliche Inhalte dieser Website liegt bei Witschard Consulting GmbH, St\u00e4fa.<\/p>\n\n\n\n<p><strong>Disclaimer<\/strong><\/p>\n\n\n\n<p>Alle Texte und Links wurden sorgf\u00e4ltig gepr\u00fcft und werden laufend  aktualisiert. Wir sind bem\u00fcht, richtige und vollst\u00e4ndige Informationen  auf dieser Website bereitzustellen, \u00fcbernehmen aber keinerlei  Verantwortung, Garantien oder Haftung daf\u00fcr, dass die durch diese  Website bereitgestellten Informationen, richtig, vollst\u00e4ndig oder  aktuell sind. Wir behalten uns das Recht vor, jederzeit und ohne  Vorank\u00fcndigung die Informationen auf dieser Website zu \u00e4ndern und  verpflichten uns auch nicht, die enthaltenen Informationen zu  aktualisieren. Alle Links zu externen Anbietern wurden zum Zeitpunkt  ihrer Aufnahme auf ihre Richtigkeit \u00fcberpr\u00fcft, dennoch haften wir nicht  f\u00fcr Inhalte und Verf\u00fcgbarkeit von Websites, die mittels Hyperlinks zu erreichen sind. F\u00fcr illegale, fehlerhafte oder unvollst\u00e4ndige Inhalte und insbesondere f\u00fcr Sch\u00e4den, die durch Inhalte verkn\u00fcpfter Seiten  entstehen, haftet allein der Anbieter der Seite, auf welche verwiesen  wurde. Dabei ist es gleichg\u00fcltig, ob der Schaden direkter, indirekter  oder finanzieller Natur ist oder ein sonstiger Schaden vorliegt, der  sich aus Datenverlust, Nutzungsausfall oder anderen Gr\u00fcnden aller Art  ergeben k\u00f6nnte.<\/p>\n\n\n\n<p><strong>Datenschutz<\/strong><\/p>\n\n\n\n<p>F\u00fcr die Sicherheit der Daten\u00fcbertragung im Internet k\u00f6nnen wir keine \nGew\u00e4hr \u00fcbernehmen, insbesondere besteht bei der \u00dcbertragung von Daten \nper E-Mail die Gefahr des Zugriffs durch Dritte.<\/p>\n\n\n\n<p>Der Besuch dieser Webseite wird von uns nicht aufgezeichnet. Allf\u00e4llige Webserver Logs werden nicht systematisch ausgewertet oder dauerhaft gespeichert.<\/p>\n\n\n\n<p>Einer Nutzung der im Impressum ver\u00f6ffentlichten Kontaktdaten durch \nDritte zu Werbezwecken wird hiermit ausdr\u00fccklich widersprochen. Der \nBetreiber beh\u00e4lt sich f\u00fcr den Fall unverlangt zugesandter Werbe- oder \nInformationsmaterialien ausdr\u00fccklich rechtliche Schritte vor.<\/p>\n\n\n\n<p>Sollten einzelne Regelungen oder Formulierungen dieses \nHaftungsausschlusses unwirksam sein oder werden, bleiben die \u00fcbrigen \nRegelungen in ihrem Inhalt und ihrer G\u00fcltigkeit hiervon unber\u00fchrt.<\/p>\n","protected":false},"excerpt":{"rendered":"<p>Verantwortlich f\u00fcr den Inhalt der Seiten Witschard Consulting GmbHChristian WitschardSennenrainstrasse 2CH-8712 St\u00e4faSchweiz info@witschard.net Telefon:&nbsp;044 796 41 62 MWST-Nr.&nbsp;CHE-113.877.533Handelsreg. Nr.&nbsp;CH-020.4.036.444 -4&nbsp;[&hellip;]<\/p>\n","protected":false},"author":2,"featured_media":550,"parent":0,"menu_order":0,"comment_status":"closed","ping_status":"closed","template":"","meta":{"footnotes":""},"class_list":["post-538","page","type-page","status-publish","has-post-thumbnail","hentry","post-item clearfix"],"yoast_head":"<!-- This site is optimized with the Yoast SEO plugin v27.2 - https:\/\/yoast.com\/product\/yoast-seo-wordpress\/ -->\n<title>Impressum - Witschard Consulting GmbH<\/title>\n<meta name=\"robots\" content=\"index, follow, max-snippet:-1, max-image-preview:large, max-video-preview:-1\" \/>\n<link rel=\"canonical\" href=\"https:\/\/witschard.net\/?page_id=538\" \/>\n<meta name=\"twitter:label1\" content=\"Gesch\u00e4tzte Lesezeit\" \/>\n\t<meta name=\"twitter:data1\" content=\"1\u00a0Minute\" \/>\n<script type=\"application\/ld+json\" class=\"yoast-schema-graph\">{\"@context\":\"https:\/\/schema.org\",\"@graph\":[{\"@type\":\"WebPage\",\"@id\":\"https:\/\/witschard.net\/?page_id=538\",\"url\":\"https:\/\/witschard.net\/?page_id=538\",\"name\":\"Impressum - Witschard Consulting GmbH\",\"isPartOf\":{\"@id\":\"https:\/\/witschard.net\/#website\"},\"primaryImageOfPage\":{\"@id\":\"https:\/\/witschard.net\/?page_id=538#primaryimage\"},\"image\":{\"@id\":\"https:\/\/witschard.net\/?page_id=538#primaryimage\"},\"thumbnailUrl\":\"https:\/\/witschard.net\/wp-content\/uploads\/2019\/02\/PCB39.png\",\"datePublished\":\"2019-02-11T09:29:45+00:00\",\"dateModified\":\"2024-03-21T15:53:47+00:00\",\"breadcrumb\":{\"@id\":\"https:\/\/witschard.net\/?page_id=538#breadcrumb\"},\"inLanguage\":\"de-CH\",\"potentialAction\":[{\"@type\":\"ReadAction\",\"target\":[\"https:\/\/witschard.net\/?page_id=538\"]}]},{\"@type\":\"ImageObject\",\"inLanguage\":\"de-CH\",\"@id\":\"https:\/\/witschard.net\/?page_id=538#primaryimage\",\"url\":\"https:\/\/witschard.net\/wp-content\/uploads\/2019\/02\/PCB39.png\",\"contentUrl\":\"https:\/\/witschard.net\/wp-content\/uploads\/2019\/02\/PCB39.png\",\"width\":1019,\"height\":3436},{\"@type\":\"BreadcrumbList\",\"@id\":\"https:\/\/witschard.net\/?page_id=538#breadcrumb\",\"itemListElement\":[{\"@type\":\"ListItem\",\"position\":1,\"name\":\"Home\",\"item\":\"https:\/\/witschard.net\/\"},{\"@type\":\"ListItem\",\"position\":2,\"name\":\"Impressum\"}]},{\"@type\":\"WebSite\",\"@id\":\"https:\/\/witschard.net\/#website\",\"url\":\"https:\/\/witschard.net\/\",\"name\":\"Witschard Consulting GmbH\",\"description\":\"Partner for embedded software, C, C++, C#, WPF, HTML, CSS, SQL, IT services, support and training\",\"publisher\":{\"@id\":\"https:\/\/witschard.net\/#organization\"},\"potentialAction\":[{\"@type\":\"SearchAction\",\"target\":{\"@type\":\"EntryPoint\",\"urlTemplate\":\"https:\/\/witschard.net\/?s={search_term_string}\"},\"query-input\":{\"@type\":\"PropertyValueSpecification\",\"valueRequired\":true,\"valueName\":\"search_term_string\"}}],\"inLanguage\":\"de-CH\"},{\"@type\":\"Organization\",\"@id\":\"https:\/\/witschard.net\/#organization\",\"name\":\"Witschard Conulting GmbH\",\"url\":\"https:\/\/witschard.net\/\",\"logo\":{\"@type\":\"ImageObject\",\"inLanguage\":\"de-CH\",\"@id\":\"https:\/\/witschard.net\/#\/schema\/logo\/image\/\",\"url\":\"https:\/\/witschard.net\/wp-content\/uploads\/2019\/02\/logo4.png\",\"contentUrl\":\"https:\/\/witschard.net\/wp-content\/uploads\/2019\/02\/logo4.png\",\"width\":430,\"height\":333,\"caption\":\"Witschard Conulting GmbH\"},\"image\":{\"@id\":\"https:\/\/witschard.net\/#\/schema\/logo\/image\/\"}}]}<\/script>\n<!-- \/ Yoast SEO plugin. -->","yoast_head_json":{"title":"Impressum - Witschard Consulting GmbH","robots":{"index":"index","follow":"follow","max-snippet":"max-snippet:-1","max-image-preview":"max-image-preview:large","max-video-preview":"max-video-preview:-1"},"canonical":"https:\/\/witschard.net\/?page_id=538","twitter_misc":{"Gesch\u00e4tzte Lesezeit":"1\u00a0Minute"},"schema":{"@context":"https:\/\/schema.org","@graph":[{"@type":"WebPage","@id":"https:\/\/witschard.net\/?page_id=538","url":"https:\/\/witschard.net\/?page_id=538","name":"Impressum - Witschard Consulting GmbH","isPartOf":{"@id":"https:\/\/witschard.net\/#website"},"primaryImageOfPage":{"@id":"https:\/\/witschard.net\/?page_id=538#primaryimage"},"image":{"@id":"https:\/\/witschard.net\/?page_id=538#primaryimage"},"thumbnailUrl":"https:\/\/witschard.net\/wp-content\/uploads\/2019\/02\/PCB39.png","datePublished":"2019-02-11T09:29:45+00:00","dateModified":"2024-03-21T15:53:47+00:00","breadcrumb":{"@id":"https:\/\/witschard.net\/?page_id=538#breadcrumb"},"inLanguage":"de-CH","potentialAction":[{"@type":"ReadAction","target":["https:\/\/witschard.net\/?page_id=538"]}]},{"@type":"ImageObject","inLanguage":"de-CH","@id":"https:\/\/witschard.net\/?page_id=538#primaryimage","url":"https:\/\/witschard.net\/wp-content\/uploads\/2019\/02\/PCB39.png","contentUrl":"https:\/\/witschard.net\/wp-content\/uploads\/2019\/02\/PCB39.png","width":1019,"height":3436},{"@type":"BreadcrumbList","@id":"https:\/\/witschard.net\/?page_id=538#breadcrumb","itemListElement":[{"@type":"ListItem","position":1,"name":"Home","item":"https:\/\/witschard.net\/"},{"@type":"ListItem","position":2,"name":"Impressum"}]},{"@type":"WebSite","@id":"https:\/\/witschard.net\/#website","url":"https:\/\/witschard.net\/","name":"Witschard Consulting GmbH","description":"Partner for embedded software, C, C++, C#, WPF, HTML, CSS, SQL, IT services, support and training","publisher":{"@id":"https:\/\/witschard.net\/#organization"},"potentialAction":[{"@type":"SearchAction","target":{"@type":"EntryPoint","urlTemplate":"https:\/\/witschard.net\/?s={search_term_string}"},"query-input":{"@type":"PropertyValueSpecification","valueRequired":true,"valueName":"search_term_string"}}],"inLanguage":"de-CH"},{"@type":"Organization","@id":"https:\/\/witschard.net\/#organization","name":"Witschard Conulting GmbH","url":"https:\/\/witschard.net\/","logo":{"@type":"ImageObject","inLanguage":"de-CH","@id":"https:\/\/witschard.net\/#\/schema\/logo\/image\/","url":"https:\/\/witschard.net\/wp-content\/uploads\/2019\/02\/logo4.png","contentUrl":"https:\/\/witschard.net\/wp-content\/uploads\/2019\/02\/logo4.png","width":430,"height":333,"caption":"Witschard Conulting GmbH"},"image":{"@id":"https:\/\/witschard.net\/#\/schema\/logo\/image\/"}}]}},"_links":{"self":[{"href":"https:\/\/witschard.net\/index.php?rest_route=\/wp\/v2\/pages\/538","targetHints":{"allow":["GET"]}}],"collection":[{"href":"https:\/\/witschard.net\/index.php?rest_route=\/wp\/v2\/pages"}],"about":[{"href":"https:\/\/witschard.net\/index.php?rest_route=\/wp\/v2\/types\/page"}],"author":[{"embeddable":true,"href":"https:\/\/witschard.net\/index.php?rest_route=\/wp\/v2\/users\/2"}],"replies":[{"embeddable":true,"href":"https:\/\/witschard.net\/index.php?rest_route=%2Fwp%2Fv2%2Fcomments&post=538"}],"version-history":[{"count":3,"href":"https:\/\/witschard.net\/index.php?rest_route=\/wp\/v2\/pages\/538\/revisions"}],"predecessor-version":[{"id":542,"href":"https:\/\/witschard.net\/index.php?rest_route=\/wp\/v2\/pages\/538\/revisions\/542"}],"wp:featuredmedia":[{"embeddable":true,"href":"https:\/\/witschard.net\/index.php?rest_route=\/wp\/v2\/media\/550"}],"wp:attachment":[{"href":"https:\/\/witschard.net\/index.php?rest_route=%2Fwp%2Fv2%2Fmedia&parent=538"}],"curies":[{"name":"wp","href":"https:\/\/api.w.org\/{rel}","templated":true}]}}